221442
In base 4, what is 221 + -10001?
-3120
In base 12, what is -19 + -7b?
-98
In base 7, what is 316 - 0?
316
In base 11, what is 2 - 253?
-251
In base 16, what is -5 + -24b?
-250
In base 7, what is 141 + 3?
144
In base 16, what is 27 - 4?
23
In base 15, what is 2 + 11e?
121
In base 3, what is 0 - 1002111?
-1002111
In base 7, what is 10 + -1254?
-1244
In base 4, what is -2133 + 12?
-2121
In base 12, what is -7a - 1?
-7b
In base 12, what is -10 - 35?
-45
In base 10, what is 3 - 225?
-222
In base 12, what is 1 - -36?
37
In base 5, what is -4 + 4024?
4020
In base 9, what is -3 - -87?
84
In base 7, what is 0 - -253?
253
In base 6, what is 3 + -300?
-253
In base 7, what is -10 + 112?
102
In base 3, what is -12 - 111?
-200
In base 6, what is -2 - -1313?
1311
In base 2, what is 100 + 1101111?
1110011
In base 16, what is 2a + -b4?
-8a
In base 12, what is 84 - -5?
89
In base 7, what is 1615 - -5?
1623
In base 9, what is 1 - -1004?
1005
In base 3, what is 10 - 210?
-200
In base 11, what is 67 - 2?
65
In base 7, what is -63 - -5?
-55
In base 14, what is -1 - -671?
670
In base 13, what is -1 - b2?
-b3
In base 15, what is c9 - 4?
c5
In base 5, what is 101 + -243?
-142
In base 5, what is 1 + -2430?
-2424
In base 4, what is 30 - -120?
210
In base 14, what is 23 + -a?
17
In base 5, what is -120 + -243?
-413
In base 4, what is 11 - 1112?
-1101
In base 9, what is 20 + 14?
34
In base 8, what is 4 + -301?
-275
In base 10, what is 4 - 359?
-355
In base 2, what is -1011 + 1001?
-10
In base 4, what is 2 - 100?
-32
In base 11, what is 530 - -3?
533
In base 11, what is 1 + 377?
378
In base 14, what is -8 - 2c?
-36
In base 11, what is -2463 + -1?
-2464
In base 5, what is 3 - 231433?
-231430
In base 5, what is -14 - 1414?
-1433
In base 14, what is -33 + 1?
-32
In base 6, what is 2 + 101?
103
In base 15, what is -148 + -23?
-16b
In base 11, what is 107 + 7?
113
In base 14, what is 15 + -15c?
-147
In base 11, what is 0 + -824?
-824
In base 7, what is -3 + 112?
106
In base 6, what is 324 - 43?
241
In base 4, what is -23232 - 11?
-23303
In base 2, what is -1011 + -100001?
-101100
In base 6, what is -423 + 1?
-422
In base 12, what is 1 - -916?
917
In base 14, what is 4 - -26?
2a
In base 16, what is -17a2 - -2?
-17a0
In base 2, what is -101100 + -1100?
-111000
In base 3, what is -201 + 1221?
1020
In base 8, what is -2 + -3230?
-3232
In base 13, what is -7 + -3b7?
-3c1
In base 14, what is 257 - 6?
251
In base 2, what is -1101111 + 100001?
-1001110
In base 8, what is -765 + -3?
-770
In base 8, what is -1 - -111?
110
In base 12, what is 96 + 6?
a0
In base 3, what is 1 + -100?
-22
In base 2, what is -100 - 10110000010?
-10110000110
In base 12, what is 1 + 6a?
6b
In base 16, what is 4 - -7d?
81
In base 16, what is 4 - -51?
55
In base 2, what is -10 + 1011111100?
1011111010
In base 14, what is 4 + -158b?
-1587
In base 3, what is 10 + 100120?
100200
In base 11, what is 3 - 26?
-23
In base 5, what is -20 + -31?
-101
In base 2, what is 0 + 1010010111001?
1010010111001
In base 13, what is 4 - -96?
9a
In base 6, what is 12 + 23?
35
In base 8, what is 11 + 10?
21
In base 6, what is -10030 - 3?
-10033
In base 6, what is -354 - 5?
-403
In base 11, what is -17a4 + 2?
-17a2
In base 2, what is 101 - -1?
110
In base 13, what is -5 + 10?
8
In base 16, what is 579e + 0?
579e
In base 14, what is -1dd - 10?
-20d
In base 14, what is 5 + -5a?
-55
In base 15, what is cd + 1d?
eb
In base 4, what is 1111021 - -10?
1111031
In base 14, what is 6d03 - -2?
6d05
In base 5, what is 1 + -210011?
-210010
In base 10, what is 2 + -91?
-89
In base 2, what is -11 + 100000000?
11111101
In base 11, what is 5 + -227?
-222
In base 9, what is 3 - 1024?
-1021
In base 16, what is -4 - 104?
-108
In base 2, what is 1111010111 - -11?
1111011010
In base 11, what is 5 + 781?
786
In base 9, what is -168 - 1?
-170
In base 9, what is -4 + -37?
-42
In base 7, what is 1 + 4?
5
In base 12, what is -2 + -413?
-415
In base 5, what is -20010 + -10?
-20020
In base 15, what is 13 - 11?
2
In base 2, what is -110111001 + 100111?
-110010010
In base 10, what is -158 - 2?
-160
In base 11, what is -2 + 7a?
78
In base 10, what is -12 - 13?
-25
In base 6, what is 3205 - 5?
3200
In base 12, what is -5 - -ab7?
ab2
In base 3, what is -1020 + -10?
-1100
In base 12, what is -1 - 19?
-1a
In base 15, what is 523b + 1?
523c
In base 13, what is 5a + 5?
62
In base 14, what is 5 + 4?
9
In base 16, what is 2 + 7e?
80
In base 6, what is -204 + -120?
-324
In base 9, what is 36 + 13?
50
In base 3, what is -2 + 100111?
100102
In base 14, what is -561 - 3?
-564
In base 8, what is -26 + -1?
-27
In base 8, what is -1030 + -1?
-1031
In base 14, what is -4 - -51?
4b
In base 11, what is -160 - 4?
-164
In base 14, what is -23 + d?
-14
In base 15, what is -1 - -a33?
a32
In base 11, what is 0 + -3689?
-3689
In base 4, what is 1 - -300?
301
In base 15, what is 504 + a?
50e
In base 8, what is 6 - 3200?
-3172
In base 3, what is 12 + 111020?
111102
In base 5, what is -2 - -11342?
11340
In base 10, what is 20 + 9?
29
In base 13, what is 128 + 9?
134
In base 7, what is 0 + -3032?
-3032
In base 4, what is 3310 + 31?
10001
In base 12, what is -15 + -10b?
-124
In base 11, what is -106 + 5?
-101
In base 12, what is -48901 + -4?
-48905
In base 10, what is -831 + 2?
-829
In base 12, what is -b2 - 40?
-132
In base 6, what is -4 + 44?
40
In base 5, what is 214 - 42?
122
In base 7, what is -241 - 3?
-244
In base 6, what is -105 - 42?
-151
In base 13, what is -8 + -47?
-52
In base 5, what is -124 + -1141?
-1320
In base 10, what is 6 + -273?
-267
In base 4, what is 220310 + 3?
220313
In base 5, what is -143 + -13?
-211
In base 16, what is 2 + 82?
84
In base 5, what is -103 + 43?
-10
In base 2, what is 1 + 110010000?
110010001
In base 2, what is -11 - -100100001?
100011110
In base 16, what is -8 + da?
d2
In base 2, what is -1001010 + 100?
-1000110
In base 7, what is -12 - -356?
344
In base 11, what is -549 + -3?
-551
In base 7, what is -5 - -2?
-3
In base 5, what is 20 - 124?
-104
In base 2, what is -100 + 100111110?
100111010
In base 2, what is 1110000101 - 0?
1110000101
In base 8, what is 146 + -4?
142
In base 3, what is 211 + -121?
20
In base 2, what is -101 + -100111?
-101100
In base 13, what is -2 + -63?
-65
In base 12, what is 2728 - 1?
2727
In base 10, what is 21949 - 4?
21945
In base 10, what is -190 - -1?
-189
In base 5, what is 2300 + 0?
2300
In base 15, what is -4 - -203?
1ee
In base 3, what is 1 + 1121000?
1121001
In base 2, what is 1111 + 11?
10010
In base 5, what is -3312 - 2?
-3314
In base 13, what is -4 + 79?
75
In base 10, what is -4 - 2102?
-2106
In base 12, what is -69 + a?
-5b
In base 3, what is 1 - -10021?
10022
In base 7, what is -616 - 3?
-622
In base 5, what is -1112 + 21?
-1041
In base 2, what is -111101 + 100?
-111001
In base 7, what is 102 - -1?
103
In base 2, what is 100000111110 - 1?
100000111101
In base 9, what is 182 + 3?
185
In base 2, what is 110110011 + -10000?
110100011
In base 11, what is 539 - -8?
546
In base 7, what is 3561 - -3?
3564
In base 7, what is -1 - -5206?
5205
In base 16, what is -2 + 443?
441
In base 2, what is -10 - 0?
-10
In base 13, what is -3 + -34?
-37
In base 15, what is 4 + 221?
225
In base 10, what is -451 + -29?
-480
In base 14, what is -66 + 2?
-64
In base 14, what is -6 + 2229?
2223
In base 2, what is -101111100 + -11?
-101111111
In base 10, what is 3 - 2?
1
In base 5, what is -1322014 + 1?
-1322013
In base 11, what is 6 + -14?
-9
In base 12, what is -1 - -100?
bb
In base 15, what is -3 - 100?
-103
In base 13, what is -41 + 4?
-3a
In base 3, what is 1210 + -10?
1200
In base 7, what is -1045 + -4?
-1052
In base 7, what is -30 + 415?
355
In base 6, what is -10 - -2154?
2144
In base 10, what is -78 - -41?
-37
In base 5, what is 1410 - -1?
1411
In base 8, what is 1137 - -7?
1146
In base 16, what is -28e + 2?
-28c
In base 11, what is -2 - -898?
896
In base 4, what is 202 - -23?
231
In base 13, what is -5 + 6?
1
In base 4, what is 1130223 - -10?
1130233
In base 8, what is 624 + -4?
620
In base 12, what is 1 - -34?
35
In base 10, what is 9 - 22?
-13
In base 14, what is 136 + -5?
131
In base 2, what is 111 + -10101001?
-10100010
In base 13, what is -1 + a2?
a1
In base 5, what is 4 + 222?
231
In base 11, what is -1 + -84?
-85
In